{"id":1398,"date":"2019-11-28T14:23:08","date_gmt":"2019-11-28T12:23:08","guid":{"rendered":"http:\/\/bopoha.lt\/?page_id=1398"},"modified":"2019-11-28T14:23:08","modified_gmt":"2019-11-28T12:23:08","slug":"slovakija","status":"publish","type":"page","link":"http:\/\/bopoha.lt\/index.php\/slovakija\/","title":{"rendered":"Slovakija"},"content":{"rendered":"\n<div class=\"ngg-albumoverview\">\t\n\t<!-- List of galleries -->\n\t\n\t<div class=\"ngg-album\">\n\t\t<div class=\"ngg-albumtitle\"><a href=\"http:\/\/bopoha.lt\/index.php\/slovakija\/?album=22&amp;gallery=321\">2019 rugs\u0117jis. Atostogos. Slovakija<\/a><\/div>\n\t\t\t<div class=\"ngg-albumcontent\">\n\t\t\t\t<div class=\"ngg-thumbnail\">\n\t\t\t\t\t<a href=\"http:\/\/bopoha.lt\/index.php\/slovakija\/?album=22&amp;gallery=321\"><img decoding=\"async\" class=\"Thumb\" alt=\"2019 rugs\u0117jis. Atostogos. Slovakija\" src=\"http:\/\/bopoha.lt\/wp-content\/gallery\/2019-rugsejis-atostogos-slovakija-vysne-koprovske-sedlo-krivan\/thumbs\/thumbs_mg_3892.jpg\"\/><\/a>\n\t\t\t\t<\/div>\n\t\t\t\t<div class=\"ngg-description\">\n\t\t\t\t<p>Mengusovsk\u00e1 dolina, Ve\u013ek\u00e9 Hincovo pleso, Vy\u0161n\u00e9 K\u00f4provsk\u00e9 sedlo, Kriv\u00e1\u0148<\/p>\n\t\t\t\t\t\t\t\t<p><strong>193<\/strong> Photos<\/p>\n\t\t\t\t\t\t\t<\/div>\n\t\t<\/div>\n\t<\/div>\n\n \t \t\n\t<!-- Pagination -->\n \t<div class=\"ngg-clear\"><\/div> \t\n<\/div>\n\n\n","protected":false},"excerpt":{"rendered":"","protected":false},"author":1,"featured_media":0,"parent":0,"menu_order":0,"comment_status":"closed","ping_status":"open","template":"","meta":{"footnotes":""},"class_list":["post-1398","page","type-page","status-publish","hentry"],"_links":{"self":[{"href":"http:\/\/bopoha.lt\/index.php\/wp-json\/wp\/v2\/pages\/1398","targetHints":{"allow":["GET"]}}],"collection":[{"href":"http:\/\/bopoha.lt\/index.php\/wp-json\/wp\/v2\/pages"}],"about":[{"href":"http:\/\/bopoha.lt\/index.php\/wp-json\/wp\/v2\/types\/page"}],"author":[{"embeddable":true,"href":"http:\/\/bopoha.lt\/index.php\/wp-json\/wp\/v2\/users\/1"}],"replies":[{"embeddable":true,"href":"http:\/\/bopoha.lt\/index.php\/wp-json\/wp\/v2\/comments?post=1398"}],"version-history":[{"count":1,"href":"http:\/\/bopoha.lt\/index.php\/wp-json\/wp\/v2\/pages\/1398\/revisions"}],"predecessor-version":[{"id":1399,"href":"http:\/\/bopoha.lt\/index.php\/wp-json\/wp\/v2\/pages\/1398\/revisions\/1399"}],"wp:attachment":[{"href":"http:\/\/bopoha.lt\/index.php\/wp-json\/wp\/v2\/media?parent=1398"}],"curies":[{"name":"wp","href":"https:\/\/api.w.org\/{rel}","templated":true}]}}