{"id":1602,"date":"2024-02-04T23:10:46","date_gmt":"2024-02-04T21:10:46","guid":{"rendered":"https:\/\/bopoha.lt\/?page_id=1602"},"modified":"2024-02-04T23:10:46","modified_gmt":"2024-02-04T21:10:46","slug":"maisiagala","status":"publish","type":"page","link":"http:\/\/bopoha.lt\/index.php\/maisiagala\/","title":{"rendered":"Mai\u0161iagala"},"content":{"rendered":"\n<div class=\"ngg-albumoverview\">\t\n\t<!-- List of galleries -->\n\t\n\t<div class=\"ngg-album\">\n\t\t<div class=\"ngg-albumtitle\"><a href=\"http:\/\/bopoha.lt\/index.php\/maisiagala\/?album=24&amp;gallery=324\">2020 kovas. Atsipra\u0161om u\u017e sutrukdym\u0105<\/a><\/div>\n\t\t\t<div class=\"ngg-albumcontent\">\n\t\t\t\t<div class=\"ngg-thumbnail\">\n\t\t\t\t\t<a href=\"http:\/\/bopoha.lt\/index.php\/maisiagala\/?album=24&amp;gallery=324\"><img decoding=\"async\" class=\"Thumb\" alt=\"2020 kovas. Atsipra\u0161om u\u017e sutrukdym\u0105\" src=\"http:\/\/bopoha.lt\/wp-content\/gallery\/2020-kovas-atsiprasom-uz-sutrukdyma\/thumbs\/thumbs_mg_6364.jpg\"\/><\/a>\n\t\t\t\t<\/div>\n\t\t\t\t<div class=\"ngg-description\">\n\t\t\t\t<p><\/p>\n\t\t\t\t\t\t\t\t<p><strong>11<\/strong> Photos<\/p>\n\t\t\t\t\t\t\t<\/div>\n\t\t<\/div>\n\t<\/div>\n\n \t\n\t<div class=\"ngg-album\">\n\t\t<div class=\"ngg-albumtitle\"><a href=\"http:\/\/bopoha.lt\/index.php\/maisiagala\/?album=24&amp;gallery=301\">2019 kovas. Sve\u010diuose pas ma\u017e\u0105 didel\u012f pon\u0105<\/a><\/div>\n\t\t\t<div class=\"ngg-albumcontent\">\n\t\t\t\t<div class=\"ngg-thumbnail\">\n\t\t\t\t\t<a href=\"http:\/\/bopoha.lt\/index.php\/maisiagala\/?album=24&amp;gallery=301\"><img decoding=\"async\" class=\"Thumb\" alt=\"2019 kovas. Sve\u010diuose pas ma\u017e\u0105 didel\u012f pon\u0105\" src=\"http:\/\/bopoha.lt\/wp-content\/gallery\/2019-kovas-sveciuose-pas-maza-dideli-pona\/thumbs\/thumbs_img_9997.jpg\"\/><\/a>\n\t\t\t\t<\/div>\n\t\t\t\t<div class=\"ngg-description\">\n\t\t\t\t<p><\/p>\n\t\t\t\t\t\t\t\t<p><strong>48<\/strong> Photos<\/p>\n\t\t\t\t\t\t\t<\/div>\n\t\t<\/div>\n\t<\/div>\n\n \t \t\n\t<!-- Pagination -->\n \t<div class=\"ngg-clear\"><\/div> \t\n<\/div>\n\n\n","protected":false},"excerpt":{"rendered":"","protected":false},"author":1,"featured_media":0,"parent":0,"menu_order":0,"comment_status":"closed","ping_status":"open","template":"","meta":{"footnotes":""},"class_list":["post-1602","page","type-page","status-publish","hentry"],"_links":{"self":[{"href":"http:\/\/bopoha.lt\/index.php\/wp-json\/wp\/v2\/pages\/1602","targetHints":{"allow":["GET"]}}],"collection":[{"href":"http:\/\/bopoha.lt\/index.php\/wp-json\/wp\/v2\/pages"}],"about":[{"href":"http:\/\/bopoha.lt\/index.php\/wp-json\/wp\/v2\/types\/page"}],"author":[{"embeddable":true,"href":"http:\/\/bopoha.lt\/index.php\/wp-json\/wp\/v2\/users\/1"}],"replies":[{"embeddable":true,"href":"http:\/\/bopoha.lt\/index.php\/wp-json\/wp\/v2\/comments?post=1602"}],"version-history":[{"count":1,"href":"http:\/\/bopoha.lt\/index.php\/wp-json\/wp\/v2\/pages\/1602\/revisions"}],"predecessor-version":[{"id":1603,"href":"http:\/\/bopoha.lt\/index.php\/wp-json\/wp\/v2\/pages\/1602\/revisions\/1603"}],"wp:attachment":[{"href":"http:\/\/bopoha.lt\/index.php\/wp-json\/wp\/v2\/media?parent=1602"}],"curies":[{"name":"wp","href":"https:\/\/api.w.org\/{rel}","templated":true}]}}