{"id":1599,"date":"2024-02-04T23:06:07","date_gmt":"2024-02-04T21:06:07","guid":{"rendered":"https:\/\/bopoha.lt\/?page_id=1599"},"modified":"2024-02-04T23:06:07","modified_gmt":"2024-02-04T21:06:07","slug":"rudninkai","status":"publish","type":"page","link":"https:\/\/bopoha.lt\/index.php\/rudninkai\/","title":{"rendered":"R\u016bdninkai"},"content":{"rendered":"\n<div class=\"ngg-albumoverview\">\t\n\t<!-- List of galleries -->\n\t\n\t<div class=\"ngg-album\">\n\t\t<div class=\"ngg-albumtitle\"><a href=\"https:\/\/bopoha.lt\/index.php\/rudninkai\/?album=21&amp;gallery=363\">2022 m. pavasaris. Sk\u0119sta nenusk\u0119sta<\/a><\/div>\n\t\t\t<div class=\"ngg-albumcontent\">\n\t\t\t\t<div class=\"ngg-thumbnail\">\n\t\t\t\t\t<a href=\"https:\/\/bopoha.lt\/index.php\/rudninkai\/?album=21&amp;gallery=363\"><img decoding=\"async\" class=\"Thumb\" alt=\"2022 m. pavasaris. Sk\u0119sta nenusk\u0119sta\" src=\"https:\/\/bopoha.lt\/wp-content\/gallery\/2022-m-pavasaris-skesta-nenuskesta\/thumbs\/thumbs_mg_2457.jpg\"\/><\/a>\n\t\t\t\t<\/div>\n\t\t\t\t<div class=\"ngg-description\">\n\t\t\t\t<p><\/p>\n\t\t\t\t\t\t\t\t<p><strong>19<\/strong> Photos<\/p>\n\t\t\t\t\t\t\t<\/div>\n\t\t<\/div>\n\t<\/div>\n\n \t\n\t<div class=\"ngg-album\">\n\t\t<div class=\"ngg-albumtitle\"><a href=\"https:\/\/bopoha.lt\/index.php\/rudninkai\/?album=21&amp;gallery=356\">2021 m. rugpj\u016b\u010dio 24 d. Violetiniai R\u016bdnink\u0173 kilimai<\/a><\/div>\n\t\t\t<div class=\"ngg-albumcontent\">\n\t\t\t\t<div class=\"ngg-thumbnail\">\n\t\t\t\t\t<a href=\"https:\/\/bopoha.lt\/index.php\/rudninkai\/?album=21&amp;gallery=356\"><img decoding=\"async\" class=\"Thumb\" alt=\"2021 m. rugpj\u016b\u010dio 24 d. Violetiniai R\u016bdnink\u0173 kilimai\" src=\"https:\/\/bopoha.lt\/wp-content\/gallery\/2021-m-rugpjucio-24-d-violetiniai-rudninku-kilimai\/thumbs\/thumbs_mg_1667.jpg\"\/><\/a>\n\t\t\t\t<\/div>\n\t\t\t\t<div class=\"ngg-description\">\n\t\t\t\t<p><\/p>\n\t\t\t\t\t\t\t\t<p><strong>21<\/strong> Photos<\/p>\n\t\t\t\t\t\t\t<\/div>\n\t\t<\/div>\n\t<\/div>\n\n \t\n\t<div class=\"ngg-album\">\n\t\t<div class=\"ngg-albumtitle\"><a href=\"https:\/\/bopoha.lt\/index.php\/rudninkai\/?album=21&amp;gallery=346\">2021 balandis. V\u0117soka<\/a><\/div>\n\t\t\t<div class=\"ngg-albumcontent\">\n\t\t\t\t<div class=\"ngg-thumbnail\">\n\t\t\t\t\t<a href=\"https:\/\/bopoha.lt\/index.php\/rudninkai\/?album=21&amp;gallery=346\"><img decoding=\"async\" class=\"Thumb\" alt=\"2021 balandis. V\u0117soka\" src=\"https:\/\/bopoha.lt\/wp-content\/gallery\/2021-balandis-vesoka\/thumbs\/thumbs_mg_0552.jpg\"\/><\/a>\n\t\t\t\t<\/div>\n\t\t\t\t<div class=\"ngg-description\">\n\t\t\t\t<p>\u0160ilag\u0117l\u0117s R\u016bdninkuos\r\n<\/p>\n\t\t\t\t\t\t\t\t<p><strong>29<\/strong> Photos<\/p>\n\t\t\t\t\t\t\t<\/div>\n\t\t<\/div>\n\t<\/div>\n\n \t\n\t<div class=\"ngg-album\">\n\t\t<div class=\"ngg-albumtitle\"><a href=\"https:\/\/bopoha.lt\/index.php\/rudninkai\/?album=21&amp;gallery=357\">2021 m. sausio 19 d. Besivejant saul\u0119. R\u016bdninkai<\/a><\/div>\n\t\t\t<div class=\"ngg-albumcontent\">\n\t\t\t\t<div class=\"ngg-thumbnail\">\n\t\t\t\t\t<a href=\"https:\/\/bopoha.lt\/index.php\/rudninkai\/?album=21&amp;gallery=357\"><img decoding=\"async\" class=\"Thumb\" alt=\"2021 m. sausio 19 d. Besivejant saul\u0119. R\u016bdninkai\" src=\"https:\/\/bopoha.lt\/wp-content\/gallery\/2021-m-sausio-19-d-besivejant-saule-rudninkai\/thumbs\/thumbs_mg_0348.jpg\"\/><\/a>\n\t\t\t\t<\/div>\n\t\t\t\t<div class=\"ngg-description\">\n\t\t\t\t<p><\/p>\n\t\t\t\t\t\t\t\t<p><strong>18<\/strong> Photos<\/p>\n\t\t\t\t\t\t\t<\/div>\n\t\t<\/div>\n\t<\/div>\n\n \t\n\t<div class=\"ngg-album\">\n\t\t<div class=\"ngg-albumtitle\"><a href=\"https:\/\/bopoha.lt\/index.php\/rudninkai\/?album=21&amp;gallery=341\">2020 gruodis. Spalvos<\/a><\/div>\n\t\t\t<div class=\"ngg-albumcontent\">\n\t\t\t\t<div class=\"ngg-thumbnail\">\n\t\t\t\t\t<a href=\"https:\/\/bopoha.lt\/index.php\/rudninkai\/?album=21&amp;gallery=341\"><img decoding=\"async\" class=\"Thumb\" alt=\"2020 gruodis. Spalvos\" src=\"https:\/\/bopoha.lt\/wp-content\/gallery\/2020-gruodis-spalvos\/thumbs\/thumbs_mg_9607.jpg\"\/><\/a>\n\t\t\t\t<\/div>\n\t\t\t\t<div class=\"ngg-description\">\n\t\t\t\t<p>Du saul\u0117lyd\u017eiai R\u016bdninkuose<\/p>\n\t\t\t\t\t\t\t\t<p><strong>29<\/strong> Photos<\/p>\n\t\t\t\t\t\t\t<\/div>\n\t\t<\/div>\n\t<\/div>\n\n \t\n\t<div class=\"ngg-album\">\n\t\t<div class=\"ngg-albumtitle\"><a href=\"https:\/\/bopoha.lt\/index.php\/rudninkai\/?album=21&amp;gallery=361\">2020 m. rugs\u0117jo 20 d. R\u016bke vaivoryk\u0161t\u0117 keliais auk\u0161tais<\/a><\/div>\n\t\t\t<div class=\"ngg-albumcontent\">\n\t\t\t\t<div class=\"ngg-thumbnail\">\n\t\t\t\t\t<a href=\"https:\/\/bopoha.lt\/index.php\/rudninkai\/?album=21&amp;gallery=361\"><img decoding=\"async\" class=\"Thumb\" alt=\"2020 m. rugs\u0117jo 20 d. R\u016bke vaivoryk\u0161t\u0117 keliais auk\u0161tais\" src=\"https:\/\/bopoha.lt\/wp-content\/gallery\/2020-m-rugsejo-20-d-ruke-vaivorykste-keliais-aukstais\/thumbs\/thumbs_mg_9278.jpg\"\/><\/a>\n\t\t\t\t<\/div>\n\t\t\t\t<div class=\"ngg-description\">\n\t\t\t\t<p><\/p>\n\t\t\t\t\t\t\t\t<p><strong>62<\/strong> Photos<\/p>\n\t\t\t\t\t\t\t<\/div>\n\t\t<\/div>\n\t<\/div>\n\n \t\n\t<div class=\"ngg-album\">\n\t\t<div class=\"ngg-albumtitle\"><a href=\"https:\/\/bopoha.lt\/index.php\/rudninkai\/?album=21&amp;gallery=323\">2020 sausis. \u0160ulinys<\/a><\/div>\n\t\t\t<div class=\"ngg-albumcontent\">\n\t\t\t\t<div class=\"ngg-thumbnail\">\n\t\t\t\t\t<a href=\"https:\/\/bopoha.lt\/index.php\/rudninkai\/?album=21&amp;gallery=323\"><img decoding=\"async\" class=\"Thumb\" alt=\"2020 sausis. \u0160ulinys\" src=\"https:\/\/bopoha.lt\/wp-content\/gallery\/2020-sausis-sulinys\/thumbs\/thumbs_mg_5566.jpg\"\/><\/a>\n\t\t\t\t<\/div>\n\t\t\t\t<div class=\"ngg-description\">\n\t\t\t\t<p><\/p>\n\t\t\t\t\t\t\t\t<p><strong>19<\/strong> Photos<\/p>\n\t\t\t\t\t\t\t<\/div>\n\t\t<\/div>\n\t<\/div>\n\n \t\n\t<div class=\"ngg-album\">\n\t\t<div class=\"ngg-albumtitle\"><a href=\"https:\/\/bopoha.lt\/index.php\/rudninkai\/?album=21&amp;gallery=319\">2019 spalis. R\u016bdninkai. Trumpai<\/a><\/div>\n\t\t\t<div class=\"ngg-albumcontent\">\n\t\t\t\t<div class=\"ngg-thumbnail\">\n\t\t\t\t\t<a href=\"https:\/\/bopoha.lt\/index.php\/rudninkai\/?album=21&amp;gallery=319\"><img decoding=\"async\" class=\"Thumb\" alt=\"2019 spalis. R\u016bdninkai. Trumpai\" src=\"https:\/\/bopoha.lt\/wp-content\/gallery\/2019-spalis-rudninkai-trumpai\/thumbs\/thumbs_mg_4683.jpg\"\/><\/a>\n\t\t\t\t<\/div>\n\t\t\t\t<div class=\"ngg-description\">\n\t\t\t\t<p><\/p>\n\t\t\t\t\t\t\t\t<p><strong>9<\/strong> Photos<\/p>\n\t\t\t\t\t\t\t<\/div>\n\t\t<\/div>\n\t<\/div>\n\n \t\n\t<div class=\"ngg-album\">\n\t\t<div class=\"ngg-albumtitle\"><a href=\"https:\/\/bopoha.lt\/index.php\/rudninkai\/?album=21&amp;gallery=316\">2019 rugpj\u016btis. Aukso dulk\u0117m mi\u0161kas r\u016bksta<\/a><\/div>\n\t\t\t<div class=\"ngg-albumcontent\">\n\t\t\t\t<div class=\"ngg-thumbnail\">\n\t\t\t\t\t<a href=\"https:\/\/bopoha.lt\/index.php\/rudninkai\/?album=21&amp;gallery=316\"><img decoding=\"async\" class=\"Thumb\" alt=\"2019 rugpj\u016btis. Aukso dulk\u0117m mi\u0161kas r\u016bksta\" src=\"https:\/\/bopoha.lt\/wp-content\/gallery\/2019-rugpjutis-aukso-dulkem-miskas-ruksta\/thumbs\/thumbs_img_2560.jpg\"\/><\/a>\n\t\t\t\t<\/div>\n\t\t\t\t<div class=\"ngg-description\">\n\t\t\t\t<p>2019 rugpj\u016b\u010dio r\u016bkai R\u016bdninkuose<\/p>\n\t\t\t\t\t\t\t\t<p><strong>82<\/strong> Photos<\/p>\n\t\t\t\t\t\t\t<\/div>\n\t\t<\/div>\n\t<\/div>\n\n \t\n\t<div class=\"ngg-album\">\n\t\t<div class=\"ngg-albumtitle\"><a href=\"https:\/\/bopoha.lt\/index.php\/rudninkai\/?album=21&amp;gallery=304\">2019 balandis. Gyvyb\u0117 kalasi<\/a><\/div>\n\t\t\t<div class=\"ngg-albumcontent\">\n\t\t\t\t<div class=\"ngg-thumbnail\">\n\t\t\t\t\t<a href=\"https:\/\/bopoha.lt\/index.php\/rudninkai\/?album=21&amp;gallery=304\"><img decoding=\"async\" class=\"Thumb\" alt=\"2019 balandis. Gyvyb\u0117 kalasi\" src=\"https:\/\/bopoha.lt\/wp-content\/gallery\/2019-balandis-gyvybe-kalasi\/thumbs\/thumbs_img_0519.jpg\"\/><\/a>\n\t\t\t\t<\/div>\n\t\t\t\t<div class=\"ngg-description\">\n\t\t\t\t<p><\/p>\n\t\t\t\t\t\t\t\t<p><strong>56<\/strong> Photos<\/p>\n\t\t\t\t\t\t\t<\/div>\n\t\t<\/div>\n\t<\/div>\n\n \t\n\t<div class=\"ngg-album\">\n\t\t<div class=\"ngg-albumtitle\"><a href=\"https:\/\/bopoha.lt\/index.php\/rudninkai\/?album=21&amp;gallery=300\">2019 vasaris. \u017diemos p\u0117dsakai<\/a><\/div>\n\t\t\t<div class=\"ngg-albumcontent\">\n\t\t\t\t<div class=\"ngg-thumbnail\">\n\t\t\t\t\t<a href=\"https:\/\/bopoha.lt\/index.php\/rudninkai\/?album=21&amp;gallery=300\"><img decoding=\"async\" class=\"Thumb\" alt=\"2019 vasaris. \u017diemos p\u0117dsakai\" src=\"https:\/\/bopoha.lt\/wp-content\/gallery\/2019-vasaris-ziemos-pedsakai\/thumbs\/thumbs_img_9683.jpg\"\/><\/a>\n\t\t\t\t<\/div>\n\t\t\t\t<div class=\"ngg-description\">\n\t\t\t\t<p><\/p>\n\t\t\t\t\t\t\t\t<p><strong>21<\/strong> Photos<\/p>\n\t\t\t\t\t\t\t<\/div>\n\t\t<\/div>\n\t<\/div>\n\n \t\n\t<div class=\"ngg-album\">\n\t\t<div class=\"ngg-albumtitle\"><a href=\"https:\/\/bopoha.lt\/index.php\/rudninkai\/?album=21&amp;gallery=294\">2018 spalis. Ruduo. Rytas. R\u016bkas. R\u016bdninkai!<\/a><\/div>\n\t\t\t<div class=\"ngg-albumcontent\">\n\t\t\t\t<div class=\"ngg-thumbnail\">\n\t\t\t\t\t<a href=\"https:\/\/bopoha.lt\/index.php\/rudninkai\/?album=21&amp;gallery=294\"><img decoding=\"async\" class=\"Thumb\" alt=\"2018 spalis. Ruduo. Rytas. R\u016bkas. R\u016bdninkai!\" src=\"https:\/\/bopoha.lt\/wp-content\/gallery\/2018-spalis-ruduo-rytas-rukas-rudninkai\/thumbs\/thumbs_img_8943.jpg\"\/><\/a>\n\t\t\t\t<\/div>\n\t\t\t\t<div class=\"ngg-description\">\n\t\t\t\t<p><\/p>\n\t\t\t\t\t\t\t\t<p><strong>47<\/strong> Photos<\/p>\n\t\t\t\t\t\t\t<\/div>\n\t\t<\/div>\n\t<\/div>\n\n \t\n\t<div class=\"ngg-album\">\n\t\t<div class=\"ngg-albumtitle\"><a href=\"https:\/\/bopoha.lt\/index.php\/rudninkai\/?album=21&amp;gallery=268\">2018 balandis. \u0160ilag\u0117l\u0117s<\/a><\/div>\n\t\t\t<div class=\"ngg-albumcontent\">\n\t\t\t\t<div class=\"ngg-thumbnail\">\n\t\t\t\t\t<a href=\"https:\/\/bopoha.lt\/index.php\/rudninkai\/?album=21&amp;gallery=268\"><img decoding=\"async\" class=\"Thumb\" alt=\"2018 balandis. \u0160ilag\u0117l\u0117s\" src=\"https:\/\/bopoha.lt\/wp-content\/gallery\/2018-balandis-silageles\/thumbs\/thumbs_img_2701.jpg\"\/><\/a>\n\t\t\t\t<\/div>\n\t\t\t\t<div class=\"ngg-description\">\n\t\t\t\t<p>2018 04 14<\/p>\n\t\t\t\t\t\t\t\t<p><strong>14<\/strong> Photos<\/p>\n\t\t\t\t\t\t\t<\/div>\n\t\t<\/div>\n\t<\/div>\n\n \t\n\t<div class=\"ngg-album\">\n\t\t<div class=\"ngg-albumtitle\"><a href=\"https:\/\/bopoha.lt\/index.php\/rudninkai\/?album=21&amp;gallery=264\">2017 rugpj\u016btis. Link\u0117jimai nuo vasaros (IV)<\/a><\/div>\n\t\t\t<div class=\"ngg-albumcontent\">\n\t\t\t\t<div class=\"ngg-thumbnail\">\n\t\t\t\t\t<a href=\"https:\/\/bopoha.lt\/index.php\/rudninkai\/?album=21&amp;gallery=264\"><img decoding=\"async\" class=\"Thumb\" alt=\"2017 rugpj\u016btis. Link\u0117jimai nuo vasaros (IV)\" src=\"https:\/\/bopoha.lt\/wp-content\/gallery\/2017-rugpjutis-linkejimai-nuo-vasaros-iv\/thumbs\/thumbs_img_9184.jpg\"\/><\/a>\n\t\t\t\t<\/div>\n\t\t\t\t<div class=\"ngg-description\">\n\t\t\t\t<p><\/p>\n\t\t\t\t\t\t\t\t<p><strong>9<\/strong> Photos<\/p>\n\t\t\t\t\t\t\t<\/div>\n\t\t<\/div>\n\t<\/div>\n\n \t \t\n\t<!-- Pagination -->\n \t<div class=\"ngg-clear\"><\/div> \t\n<\/div>\n\n\n","protected":false},"excerpt":{"rendered":"","protected":false},"author":1,"featured_media":0,"parent":0,"menu_order":0,"comment_status":"closed","ping_status":"open","template":"","meta":{"footnotes":""},"class_list":["post-1599","page","type-page","status-publish","hentry"],"_links":{"self":[{"href":"https:\/\/bopoha.lt\/index.php\/wp-json\/wp\/v2\/pages\/1599","targetHints":{"allow":["GET"]}}],"collection":[{"href":"https:\/\/bopoha.lt\/index.php\/wp-json\/wp\/v2\/pages"}],"about":[{"href":"https:\/\/bopoha.lt\/index.php\/wp-json\/wp\/v2\/types\/page"}],"author":[{"embeddable":true,"href":"https:\/\/bopoha.lt\/index.php\/wp-json\/wp\/v2\/users\/1"}],"replies":[{"embeddable":true,"href":"https:\/\/bopoha.lt\/index.php\/wp-json\/wp\/v2\/comments?post=1599"}],"version-history":[{"count":1,"href":"https:\/\/bopoha.lt\/index.php\/wp-json\/wp\/v2\/pages\/1599\/revisions"}],"predecessor-version":[{"id":1601,"href":"https:\/\/bopoha.lt\/index.php\/wp-json\/wp\/v2\/pages\/1599\/revisions\/1601"}],"wp:attachment":[{"href":"https:\/\/bopoha.lt\/index.php\/wp-json\/wp\/v2\/media?parent=1599"}],"curies":[{"name":"wp","href":"https:\/\/api.w.org\/{rel}","templated":true}]}}