{"id":8,"date":"2012-12-04T23:35:02","date_gmt":"2012-12-04T21:35:02","guid":{"rendered":"http:\/\/bopoha.lt\/?page_id=8"},"modified":"2012-12-05T15:59:47","modified_gmt":"2012-12-05T13:59:47","slug":"2012-norvegija-suomija","status":"publish","type":"page","link":"https:\/\/bopoha.lt\/index.php\/2012-norvegija-suomija\/","title":{"rendered":"2012 Norvegija &#8211; Suomija"},"content":{"rendered":"\n<div class=\"ngg-albumoverview\">\t\n\t<!-- List of galleries -->\n\t\n\t<div class=\"ngg-album\">\n\t\t<div class=\"ngg-albumtitle\"><a href=\"https:\/\/bopoha.lt\/index.php\/2012-norvegija-suomija\/?album=1&amp;gallery=1\">2012 m. bir\u017eelio 28 d., Suomija<\/a><\/div>\n\t\t\t<div class=\"ngg-albumcontent\">\n\t\t\t\t<div class=\"ngg-thumbnail\">\n\t\t\t\t\t<a href=\"https:\/\/bopoha.lt\/index.php\/2012-norvegija-suomija\/?album=1&amp;gallery=1\"><img decoding=\"async\" class=\"Thumb\" alt=\"2012 m. bir\u017eelio 28 d., Suomija\" src=\"https:\/\/bopoha.lt\/wp-content\/gallery\/2012-m-birzelio-28-d\/thumbs\/thumbs_5762.jpg\"\/><\/a>\n\t\t\t\t<\/div>\n\t\t\t\t<div class=\"ngg-description\">\n\t\t\t\t<p><a href=\"http:\/\/armchairtravelogue.blogspot.com\/2012\/03\/silent-people-of-finland.html\">\"Silent people\"<\/a> menin\u0117 instaliacija, Riisitunturi Nacionalinis parkas<\/p>\n\t\t\t\t\t\t\t\t<p><strong>27<\/strong> Photos<\/p>\n\t\t\t\t\t\t\t<\/div>\n\t\t<\/div>\n\t<\/div>\n\n \t\n\t<div class=\"ngg-album\">\n\t\t<div class=\"ngg-albumtitle\"><a href=\"https:\/\/bopoha.lt\/index.php\/2012-norvegija-suomija\/?album=1&amp;gallery=2\">2012 m. bir\u017eelio 29 d., Suomija<\/a><\/div>\n\t\t\t<div class=\"ngg-albumcontent\">\n\t\t\t\t<div class=\"ngg-thumbnail\">\n\t\t\t\t\t<a href=\"https:\/\/bopoha.lt\/index.php\/2012-norvegija-suomija\/?album=1&amp;gallery=2\"><img decoding=\"async\" class=\"Thumb\" alt=\"2012 m. bir\u017eelio 29 d., Suomija\" src=\"https:\/\/bopoha.lt\/wp-content\/gallery\/2012-m-birzelio-29-d-suomija\/thumbs\/thumbs_5924_1.jpg\"\/><\/a>\n\t\t\t\t<\/div>\n\t\t\t\t<div class=\"ngg-description\">\n\t\t\t\t<p>Trumpas rytinis pasivaik\u0161\u010diojimas po mi\u0161k\u0105 prie e\u017eero (koks jo pavadinimas?), kur nakvota; sniegena ir vover\u0117s pakel\u0117s kavin\u0117s lesykloj (kavin\u0117j maitina neskaniai)<\/p>\n\t\t\t\t\t\t\t\t<p><strong>19<\/strong> Photos<\/p>\n\t\t\t\t\t\t\t<\/div>\n\t\t<\/div>\n\t<\/div>\n\n \t\n\t<div class=\"ngg-album\">\n\t\t<div class=\"ngg-albumtitle\"><a href=\"https:\/\/bopoha.lt\/index.php\/2012-norvegija-suomija\/?album=1&amp;gallery=3\">2012 m. bir\u017eelio 29 d., Norvegija<\/a><\/div>\n\t\t\t<div class=\"ngg-albumcontent\">\n\t\t\t\t<div class=\"ngg-thumbnail\">\n\t\t\t\t\t<a href=\"https:\/\/bopoha.lt\/index.php\/2012-norvegija-suomija\/?album=1&amp;gallery=3\"><img decoding=\"async\" class=\"Thumb\" alt=\"2012 m. bir\u017eelio 29 d., Norvegija\" src=\"https:\/\/bopoha.lt\/wp-content\/gallery\/2012-m-birzelio-29-d-norvegija\/thumbs\/thumbs_6194.jpg\"\/><\/a>\n\t\t\t\t<\/div>\n\t\t\t\t<div class=\"ngg-description\">\n\t\t\t\t<p>Nesseby kirke (balta ba\u017eny\u010dia i\u0161ky\u0161uly), Vads\u00f8 (sala su plaukiais, paminklu diri\u017eabliui ir geltonom aguonom), Varangerfjorden (griciukai, pl\u0117\u0161ikai ir \u017evyri\u0173 giesm\u0117s per nakt\u012f)<\/p>\n\t\t\t\t\t\t\t\t<p><strong>82<\/strong> Photos<\/p>\n\t\t\t\t\t\t\t<\/div>\n\t\t<\/div>\n\t<\/div>\n\n \t\n\t<div class=\"ngg-album\">\n\t\t<div class=\"ngg-albumtitle\"><a href=\"https:\/\/bopoha.lt\/index.php\/2012-norvegija-suomija\/?album=1&amp;gallery=4\">2012 m. bir\u017eelio 30 d., Norvegija<\/a><\/div>\n\t\t\t<div class=\"ngg-albumcontent\">\n\t\t\t\t<div class=\"ngg-thumbnail\">\n\t\t\t\t\t<a href=\"https:\/\/bopoha.lt\/index.php\/2012-norvegija-suomija\/?album=1&amp;gallery=4\"><img decoding=\"async\" class=\"Thumb\" alt=\"2012 m. bir\u017eelio 30 d., Norvegija\" src=\"https:\/\/bopoha.lt\/wp-content\/gallery\/2012-m-birzelio-30-d-norvegija\/thumbs\/thumbs_6549.jpg\"\/><\/a>\n\t\t\t\t<\/div>\n\t\t\t\t<div class=\"ngg-description\">\n\t\t\t\t<p>Vard\u00f8 apylink\u0117s ir <a href=\"http:\/\/www.birdwatch.tv\/\">Horn\u00f8ya<\/a> ( su pauk\u0161\u010diais), Barenco j\u016bros pakrant\u0117,Ekker\u00f8y (avys ir kir\u0173 kolonija) <\/p>\n\t\t\t\t\t\t\t\t<p><strong>189<\/strong> Photos<\/p>\n\t\t\t\t\t\t\t<\/div>\n\t\t<\/div>\n\t<\/div>\n\n \t\n\t<div class=\"ngg-album\">\n\t\t<div class=\"ngg-albumtitle\"><a href=\"https:\/\/bopoha.lt\/index.php\/2012-norvegija-suomija\/?album=1&amp;gallery=5\">2012 m. liepos 1 d., Norvegija<\/a><\/div>\n\t\t\t<div class=\"ngg-albumcontent\">\n\t\t\t\t<div class=\"ngg-thumbnail\">\n\t\t\t\t\t<a href=\"https:\/\/bopoha.lt\/index.php\/2012-norvegija-suomija\/?album=1&amp;gallery=5\"><img decoding=\"async\" class=\"Thumb\" alt=\"2012 m. liepos 1 d., Norvegija\" src=\"https:\/\/bopoha.lt\/wp-content\/gallery\/2012-m-liepos-1-d-norvegija\/thumbs\/thumbs_7389.jpg\"\/><\/a>\n\t\t\t\t<\/div>\n\t\t\t\t<div class=\"ngg-description\">\n\t\t\t\t<p>Tanafjorden, t\u016bbuotieji suopiai; kalnai pilni elni\u0173 rag\u0173 ir dvi mielos \u017evyr\u0117s ant upelio kranto \ud83d\ude09<\/p>\n\t\t\t\t\t\t\t\t<p><strong>148<\/strong> Photos<\/p>\n\t\t\t\t\t\t\t<\/div>\n\t\t<\/div>\n\t<\/div>\n\n \t\n\t<div class=\"ngg-album\">\n\t\t<div class=\"ngg-albumtitle\"><a href=\"https:\/\/bopoha.lt\/index.php\/2012-norvegija-suomija\/?album=1&amp;gallery=6\">2012 m. liepos 2 d., Norvegija<\/a><\/div>\n\t\t\t<div class=\"ngg-albumcontent\">\n\t\t\t\t<div class=\"ngg-thumbnail\">\n\t\t\t\t\t<a href=\"https:\/\/bopoha.lt\/index.php\/2012-norvegija-suomija\/?album=1&amp;gallery=6\"><img decoding=\"async\" class=\"Thumb\" alt=\"2012 m. liepos 2 d., Norvegija\" src=\"https:\/\/bopoha.lt\/wp-content\/gallery\/2012-m-liepos-2-d-norvegija\/thumbs\/thumbs_7863.jpg\"\/><\/a>\n\t\t\t\t<\/div>\n\t\t\t\t<div class=\"ngg-description\">\n\t\t\t\t<p>Eastorjavri e\u017eero apylink\u0117s - pasivaik\u0161\u010diojimas po kalnus (planas: apeit up\u0119. ghm.) ir aplink e\u017eer\u0105 lietuje, Kj\u00f8llefjord<\/p>\n\t\t\t\t\t\t\t\t<p><strong>93<\/strong> Photos<\/p>\n\t\t\t\t\t\t\t<\/div>\n\t\t<\/div>\n\t<\/div>\n\n \t\n\t<div class=\"ngg-album\">\n\t\t<div class=\"ngg-albumtitle\"><a href=\"https:\/\/bopoha.lt\/index.php\/2012-norvegija-suomija\/?album=1&amp;gallery=7\">2012 m. liepos 3 d., Norvegija<\/a><\/div>\n\t\t\t<div class=\"ngg-albumcontent\">\n\t\t\t\t<div class=\"ngg-thumbnail\">\n\t\t\t\t\t<a href=\"https:\/\/bopoha.lt\/index.php\/2012-norvegija-suomija\/?album=1&amp;gallery=7\"><img decoding=\"async\" class=\"Thumb\" alt=\"2012 m. liepos 3 d., Norvegija\" src=\"https:\/\/bopoha.lt\/wp-content\/gallery\/2012-m-liepos-3-d-norvegija\/thumbs\/thumbs_8377.jpg\"\/><\/a>\n\t\t\t\t<\/div>\n\t\t\t\t<div class=\"ngg-description\">\n\t\t\t\t<p>Dyfjord, Gamvik, <a href=\"http:\/\/www.lighthousesofnorway.com\/?p=3101\">Slettnes \u0161vyturys<\/a> (skan\u016bs blynai su d\u017eiovintu elniu arba s\u016bdyta la\u0161i\u0161a pasirinktinai), Mehamn, B\u00f8rselvdalen Nature Reserve, Silfar canyon (\"is one of the largest ones in Northern Europe\", i\u0161 wiki), fotografuotas gerokai po vidurnak\u010dio, per liet\u0173...<\/p>\n\t\t\t\t\t\t\t\t<p><strong>105<\/strong> Photos<\/p>\n\t\t\t\t\t\t\t<\/div>\n\t\t<\/div>\n\t<\/div>\n\n \t\n\t<div class=\"ngg-album\">\n\t\t<div class=\"ngg-albumtitle\"><a href=\"https:\/\/bopoha.lt\/index.php\/2012-norvegija-suomija\/?album=1&amp;gallery=8\">2012 m. liepos 4 d., Norvegija<\/a><\/div>\n\t\t\t<div class=\"ngg-albumcontent\">\n\t\t\t\t<div class=\"ngg-thumbnail\">\n\t\t\t\t\t<a href=\"https:\/\/bopoha.lt\/index.php\/2012-norvegija-suomija\/?album=1&amp;gallery=8\"><img decoding=\"async\" class=\"Thumb\" alt=\"2012 m. liepos 4 d., Norvegija\" src=\"https:\/\/bopoha.lt\/wp-content\/gallery\/2012-m-liepos-4-d-norvegija\/thumbs\/thumbs_8412.jpg\"\/><\/a>\n\t\t\t\t<\/div>\n\t\t\t\t<div class=\"ngg-description\">\n\t\t\t\t<p>Veidnes (Laksefjorden)<\/p>\n\t\t\t\t\t\t\t\t<p><strong>137<\/strong> Photos<\/p>\n\t\t\t\t\t\t\t<\/div>\n\t\t<\/div>\n\t<\/div>\n\n \t\n\t<div class=\"ngg-album\">\n\t\t<div class=\"ngg-albumtitle\"><a href=\"https:\/\/bopoha.lt\/index.php\/2012-norvegija-suomija\/?album=1&amp;gallery=9\">2012 m. liepos 5 d., Norvegija<\/a><\/div>\n\t\t\t<div class=\"ngg-albumcontent\">\n\t\t\t\t<div class=\"ngg-thumbnail\">\n\t\t\t\t\t<a href=\"https:\/\/bopoha.lt\/index.php\/2012-norvegija-suomija\/?album=1&amp;gallery=9\"><img decoding=\"async\" class=\"Thumb\" alt=\"2012 m. liepos 5 d., Norvegija\" src=\"https:\/\/bopoha.lt\/wp-content\/gallery\/2012-m-liepos-5-d-norvegija\/thumbs\/thumbs_9280.jpg\"\/><\/a>\n\t\t\t\t<\/div>\n\t\t\t\t<div class=\"ngg-description\">\n\t\t\t\t<p>Hav\u00f8ysund (buvo naktis, kai lank\u0117m\u0117s), Lillefjord su kriokliu, Veinesjorda (namukas su saul\u0117s baterijom), Stabbursnes Nacionalinis parkas (akmenys \u012flankoj per atosl\u016bg\u012f, pauk\u0161\u010di\u0173 steb\u0117jimo takas)<br \/>\r\n\r\n<a href=\"http:\/\/architecturelinked.com\/profiles\/blogs\/hav-ysund-tourist-route\">Architekt\u016brin\u0117s \u012fdomyb\u0117s<\/a><\/p>\n\t\t\t\t\t\t\t\t<p><strong>207<\/strong> Photos<\/p>\n\t\t\t\t\t\t\t<\/div>\n\t\t<\/div>\n\t<\/div>\n\n \t\n\t<div class=\"ngg-album\">\n\t\t<div class=\"ngg-albumtitle\"><a href=\"https:\/\/bopoha.lt\/index.php\/2012-norvegija-suomija\/?album=1&amp;gallery=10\">2012 m. liepos 5 d., Suomija<\/a><\/div>\n\t\t\t<div class=\"ngg-albumcontent\">\n\t\t\t\t<div class=\"ngg-thumbnail\">\n\t\t\t\t\t<a href=\"https:\/\/bopoha.lt\/index.php\/2012-norvegija-suomija\/?album=1&amp;gallery=10\"><img decoding=\"async\" class=\"Thumb\" alt=\"2012 m. liepos 5 d., Suomija\" src=\"https:\/\/bopoha.lt\/wp-content\/gallery\/2012-m-liepos-5-d-suomija\/thumbs\/thumbs_9374.jpg\"\/><\/a>\n\t\t\t\t<\/div>\n\t\t\t\t<div class=\"ngg-description\">\n\t\t\t\t<p>Ailigas kalnas Suomijos \u0161iaur\u0117j. Matosi snieguotos Norvegijos vir\u0161\u016bn\u0117s...<\/p>\n\t\t\t\t\t\t\t\t<p><strong>52<\/strong> Photos<\/p>\n\t\t\t\t\t\t\t<\/div>\n\t\t<\/div>\n\t<\/div>\n\n \t\n\t<div class=\"ngg-album\">\n\t\t<div class=\"ngg-albumtitle\"><a href=\"https:\/\/bopoha.lt\/index.php\/2012-norvegija-suomija\/?album=1&amp;gallery=13\">2012 m. liepos 6 d., Suomija<\/a><\/div>\n\t\t\t<div class=\"ngg-albumcontent\">\n\t\t\t\t<div class=\"ngg-thumbnail\">\n\t\t\t\t\t<a href=\"https:\/\/bopoha.lt\/index.php\/2012-norvegija-suomija\/?album=1&amp;gallery=13\"><img decoding=\"async\" class=\"Thumb\" alt=\"2012 m. liepos 6 d., Suomija\" src=\"https:\/\/bopoha.lt\/wp-content\/gallery\/2012-m-liepos-6-d-suomija\/thumbs\/thumbs_9480.jpg\"\/><\/a>\n\t\t\t\t<\/div>\n\t\t\t\t<div class=\"ngg-description\">\n\t\t\t\t<p>Pakel\u0117s vaizdai ir Saariselka nacionalinis parkas (su kikiliais) ant kuln\u0173 lipant audrai<\/p>\n\t\t\t\t\t\t\t\t<p><strong>14<\/strong> Photos<\/p>\n\t\t\t\t\t\t\t<\/div>\n\t\t<\/div>\n\t<\/div>\n\n \t\n\t<div class=\"ngg-album\">\n\t\t<div class=\"ngg-albumtitle\"><a href=\"https:\/\/bopoha.lt\/index.php\/2012-norvegija-suomija\/?album=1&amp;gallery=14\">2012 m. liepos 7 d., Suomija<\/a><\/div>\n\t\t\t<div class=\"ngg-albumcontent\">\n\t\t\t\t<div class=\"ngg-thumbnail\">\n\t\t\t\t\t<a href=\"https:\/\/bopoha.lt\/index.php\/2012-norvegija-suomija\/?album=1&amp;gallery=14\"><img decoding=\"async\" class=\"Thumb\" alt=\"2012 m. liepos 7 d., Suomija\" src=\"https:\/\/bopoha.lt\/wp-content\/gallery\/2012-m-liepos-7-d-suomija\/thumbs\/thumbs_9510.jpg\"\/><\/a>\n\t\t\t\t<\/div>\n\t\t\t\t<div class=\"ngg-description\">\n\t\t\t\t<p>Vaizdai nuo Kuusamo kalno, sieliai, Valkmusa nac. parkas (pelk\u0117) su ereliais \u017euvininkais<\/p>\n\t\t\t\t\t\t\t\t<p><strong>27<\/strong> Photos<\/p>\n\t\t\t\t\t\t\t<\/div>\n\t\t<\/div>\n\t<\/div>\n\n \t\n\t<div class=\"ngg-album\">\n\t\t<div class=\"ngg-albumtitle\"><a href=\"https:\/\/bopoha.lt\/index.php\/2012-norvegija-suomija\/?album=1&amp;gallery=15\">2012 m. liepos 8 d., Suomija<\/a><\/div>\n\t\t\t<div class=\"ngg-albumcontent\">\n\t\t\t\t<div class=\"ngg-thumbnail\">\n\t\t\t\t\t<a href=\"https:\/\/bopoha.lt\/index.php\/2012-norvegija-suomija\/?album=1&amp;gallery=15\"><img decoding=\"async\" class=\"Thumb\" alt=\"2012 m. liepos 8 d., Suomija\" src=\"https:\/\/bopoha.lt\/wp-content\/gallery\/2012-m-liepos-8-d-suomija\/thumbs\/thumbs_9642.jpg\"\/><\/a>\n\t\t\t\t<\/div>\n\t\t\t\t<div class=\"ngg-description\">\n\t\t\t\t<p>Rytas Valkmusa pelk\u0117j po naktinio lietaus<\/p>\n\t\t\t\t\t\t\t\t<p><strong>10<\/strong> Photos<\/p>\n\t\t\t\t\t\t\t<\/div>\n\t\t<\/div>\n\t<\/div>\n\n \t \t\n\t<!-- Pagination -->\n \t<div class=\"ngg-clear\"><\/div> \t\n<\/div>\n\n\n","protected":false},"excerpt":{"rendered":"","protected":false},"author":1,"featured_media":0,"parent":0,"menu_order":0,"comment_status":"closed","ping_status":"open","template":"","meta":{"footnotes":""},"class_list":["post-8","page","type-page","status-publish","hentry"],"_links":{"self":[{"href":"https:\/\/bopoha.lt\/index.php\/wp-json\/wp\/v2\/pages\/8","targetHints":{"allow":["GET"]}}],"collection":[{"href":"https:\/\/bopoha.lt\/index.php\/wp-json\/wp\/v2\/pages"}],"about":[{"href":"https:\/\/bopoha.lt\/index.php\/wp-json\/wp\/v2\/types\/page"}],"author":[{"embeddable":true,"href":"https:\/\/bopoha.lt\/index.php\/wp-json\/wp\/v2\/users\/1"}],"replies":[{"embeddable":true,"href":"https:\/\/bopoha.lt\/index.php\/wp-json\/wp\/v2\/comments?post=8"}],"version-history":[{"count":29,"href":"https:\/\/bopoha.lt\/index.php\/wp-json\/wp\/v2\/pages\/8\/revisions"}],"predecessor-version":[{"id":50,"href":"https:\/\/bopoha.lt\/index.php\/wp-json\/wp\/v2\/pages\/8\/revisions\/50"}],"wp:attachment":[{"href":"https:\/\/bopoha.lt\/index.php\/wp-json\/wp\/v2\/media?parent=8"}],"curies":[{"name":"wp","href":"https:\/\/api.w.org\/{rel}","templated":true}]}}